{"id":171,"date":"2022-10-09T23:28:14","date_gmt":"2022-10-09T23:28:14","guid":{"rendered":"https:\/\/reservas.bnaturalsport.com\/?page_id=171"},"modified":"2022-12-08T14:07:33","modified_gmt":"2022-12-08T14:07:33","slug":"condiciones-del-servicio","status":"publish","type":"page","link":"https:\/\/reservas.bnaturalsport.com\/?page_id=171","title":{"rendered":"Condiciones, responsabilidades y consejos."},"content":{"rendered":"<h2 class=\"has-text-align-left wp-block-post-title\">Condiciones, responsabilidades y consejos.<\/h2>\n\n<ol>\n<li style=\"text-align: left;\">Que por la organizaci\u00f3n de BE NATURAL BAY\u00c1RCAL S.C.A. he sido debidamente informado leyendo toda la informaci\u00f3n referente a las actividades a realizar en un lenguaje comprensible sobre las caracter\u00edsticas de la actividad deportiva y\/o de aventura en la que voy a participar y sobre las condiciones f\u00edsicas requeridas para dicha participaci\u00f3n.<\/li>\n<li style=\"text-align: left;\">Que se me ha informado de forma suficiente y clara sobre los riesgos de dicha actividad y sobre las medidas de seguridad a adoptar por la organizaci\u00f3n en la realizaci\u00f3n de la misma.<\/li>\n<li style=\"text-align: left;\">Que no padezco enfermedad o contra indicaci\u00f3n m\u00e9dica alguna que me impida participar en la actividad.<\/li>\n<li style=\"text-align: left;\">Que conozco, entiendo y acepto las normas reguladoras de la actividad deportiva y estoy conforme con la mismas someti\u00e9ndome a la potestad de direcci\u00f3n y\/o disciplinaria de la organizaci\u00f3n.<\/li>\n<li style=\"text-align: left;\">Que asumo voluntariamente los riesgos de la actividad deportiva y\/o de aventura y, en consecuencia, eximo a la organizaci\u00f3n de cualquier da\u00f1o o perjuicio que pueda sufrir en el desarrollo de la actividad.<\/li>\n<li>El participante afirma que acepta y conoce las condiciones que a continuaci\u00f3n se exponen, imprescindibles para la realizaci\u00f3n de la actividad.\n<ul>\n<li style=\"text-align: left;\">En todo momento el participante deber\u00e1 seguir estrictamente las instrucciones e itinerario establecidos por el\/los gu\u00edas.<\/li>\n<li style=\"text-align: left;\">El cliente entiende y acepta la norma de no realizar la actividad bajo los efectos del alcohol y\/o drogas. La participaci\u00f3n bajo los efectos de alcohol y\/o drogas queda absolutamente prohibida. Se proh\u00edbe expl\u00edcitamente la ingesta de dichas sustancias antes o durante la actividad. En este caso, la organizaci\u00f3n declina toda responsabilidad<br \/>sobre los da\u00f1os y perjuicios que sean consecuencia de esta acci\u00f3n, declinando tambi\u00e9n toda responsabilidad legal que pudiera derivarse.<\/li>\n<li style=\"text-align: left;\">El cliente reconoce que se encuentra en condiciones f\u00edsicas y ps\u00edquicas aptas para realizar la actividad en cuesti\u00f3n, no presentando enfermedad alguna, f\u00edsica o ps\u00edquica, que le imposibilite o merme para la realizaci\u00f3n de dicha actividad.<\/li>\n<li style=\"text-align: left;\">El incumplimiento de cualquiera de las condiciones citadas, llevar\u00e1 consigo la expulsi\u00f3n inmediata de la actividad.<\/li>\n<\/ul>\n<\/li>\n<\/ol>\n<p>\u00a0<\/p>\n\n\n<div class=\"wp-block-buttons is-content-justification-left is-layout-flex wp-container-core-buttons-is-layout-fdcfc74e wp-block-buttons-is-layout-flex\">\n<div class=\"wp-block-button\"><a class=\"wp-block-button__link wp-element-button\" href=\"https:\/\/reservas.bnaturalsport.com\/wp-content\/uploads\/2022\/11\/REGISTRO-DE-ACTIVIDADES-Y-SEGURO.pdf\" target=\"_blank\" rel=\"noreferrer noopener\">DESCARGAR PDF PARA IMPRIMIR Y FIRMAR<\/a><\/div>\n<\/div>\n","protected":false},"excerpt":{"rendered":"<p>Que por la organizaci\u00f3n de BE NATURAL BAY\u00c1RCAL S.C.A. he sido debidamente informado leyendo toda la informaci\u00f3n referente a las actividades a realizar en un&hellip;<\/p>\n","protected":false},"author":1,"featured_media":0,"parent":0,"menu_order":0,"comment_status":"closed","ping_status":"closed","template":"","meta":{"_joinchat":[],"footnotes":""},"class_list":["post-171","page","type-page","status-publish","hentry"],"_links":{"self":[{"href":"https:\/\/reservas.bnaturalsport.com\/index.php?rest_route=\/wp\/v2\/pages\/171","targetHints":{"allow":["GET"]}}],"collection":[{"href":"https:\/\/reservas.bnaturalsport.com\/index.php?rest_route=\/wp\/v2\/pages"}],"about":[{"href":"https:\/\/reservas.bnaturalsport.com\/index.php?rest_route=\/wp\/v2\/types\/page"}],"author":[{"embeddable":true,"href":"https:\/\/reservas.bnaturalsport.com\/index.php?rest_route=\/wp\/v2\/users\/1"}],"replies":[{"embeddable":true,"href":"https:\/\/reservas.bnaturalsport.com\/index.php?rest_route=%2Fwp%2Fv2%2Fcomments&post=171"}],"version-history":[{"count":11,"href":"https:\/\/reservas.bnaturalsport.com\/index.php?rest_route=\/wp\/v2\/pages\/171\/revisions"}],"predecessor-version":[{"id":687,"href":"https:\/\/reservas.bnaturalsport.com\/index.php?rest_route=\/wp\/v2\/pages\/171\/revisions\/687"}],"wp:attachment":[{"href":"https:\/\/reservas.bnaturalsport.com\/index.php?rest_route=%2Fwp%2Fv2%2Fmedia&parent=171"}],"curies":[{"name":"wp","href":"https:\/\/api.w.org\/{rel}","templated":true}]}}